{"id":104,"date":"2026-04-29T07:32:20","date_gmt":"2026-04-29T07:32:20","guid":{"rendered":"https:\/\/www.solene-maroquinerie.fr\/index.php\/produit\/eastpak-padded-181-camo\/"},"modified":"2026-05-13T14:48:10","modified_gmt":"2026-05-13T14:48:10","slug":"eastpak-padded-181-camo","status":"publish","type":"product","link":"https:\/\/www.solene-maroquinerie.fr\/index.php\/produit\/eastpak-padded-181-camo\/","title":{"rendered":"EASTPAK PADDED 181 CAMO"},"content":{"rendered":"<p><span style=\"font-family: arial, helvetica, sans-serif. font-size: 10pt. color: #000000.\">Le sac \u00e0 dos Padded est le mod\u00e8le le plus c\u00e9l\u00e8bre\u00a0d&rsquo;Eastpak, combinant un style frais et une fabrication robuste, pour emmener facilement tout ce dont vous avez besoin pour voyager en s\u00e9curit\u00e9, qu&rsquo;il soit grand ou petit. Le dos rembourr\u00e9 et les sangles \u00e9paules ergonomiques en font l&rsquo;un des sacs \u00e0 dos les plus confortables !<\/span><\/p>\n<p><span style=\"font-family: arial, helvetica, sans-serif. font-size: 10pt. color: #000000.\">Le Padded est disponible dans de nombreux coloris et motifs, n&rsquo;h\u00e9sitez pas \u00e0 nous contacter pour plus de conseils.<\/span><\/p>\n<div>\n<ul>\n<li><span style=\"font-family: arial, helvetica, sans-serif. font-size: 10pt. color: #000000.\">Grand compartiment principal<\/span><\/li>\n<li><span style=\"font-family: arial, helvetica, sans-serif. font-size: 10pt. color: #000000.\">Poche \u00e0 zip sur le devant pour ranger tes petites affaires<\/span><\/li>\n<li><span style=\"font-family: arial, helvetica, sans-serif. font-size: 10pt. color: #000000.\">Dos rembourr\u00e9 confortable<\/span><\/li>\n<li><span style=\"font-family: arial, helvetica, sans-serif. font-size: 10pt. color: #000000.\">Sangles \u00e9paules \u00e9paisses et rembourr\u00e9es<\/span><\/li>\n<\/ul>\n<p><span style=\"font-family: arial, helvetica, sans-serif. font-size: 10pt. color: #000000.\">Hauteur : 40 cm<\/span><\/p>\n<p><span style=\"font-family: arial, helvetica, sans-serif. font-size: 10pt. color: #000000.\">Largeur : 30 cm<\/span><\/p>\n<p><span style=\"font-family: arial, helvetica, sans-serif. font-size: 10pt. color: #000000.\">Profondeur : 18 cm<\/span><\/p>\n<p><span style=\"font-family: arial, helvetica, sans-serif. font-size: 10pt. color: #000000.\">Volume : 24 L<\/span><\/p>\n<p><span style=\"font-family: arial, helvetica, sans-serif. font-size: 10pt. color: #000000.\">Poids : 420g<\/span><\/p>\n<p><span style=\"font-family: arial, helvetica, sans-serif. font-size: 10pt. color: #000000.\">Garantie : 30 ans<\/span><\/p>\n<div><span style=\"font-family: arial, helvetica, sans-serif. font-size: 10pt. color: #000000.\">Mat\u00e9riel : Polyamide<\/span><\/div>\n<\/p><\/div>\n<div><span><br \/><\/span><\/div>\n","protected":false},"excerpt":{"rendered":"<p class=\"reference-commerciale\">R\u00e9f\u00e9rence commerciale : EK620 181<\/p>\n","protected":false},"featured_media":1809,"template":"","meta":[],"product_brand":[20],"product_cat":[19,18],"product_tag":[],"class_list":{"0":"post-104","1":"product","2":"type-product","3":"status-publish","4":"has-post-thumbnail","6":"product_brand-eastpak","7":"product_cat-sac-a-dos","8":"product_cat-sac-a-dos-padded","10":"first","11":"instock","12":"taxable","13":"shipping-taxable","14":"purchasable","15":"product-type-simple"},"_links":{"self":[{"href":"https:\/\/www.solene-maroquinerie.fr\/index.php\/wp-json\/wp\/v2\/product\/104","targetHints":{"allow":["GET"]}}],"collection":[{"href":"https:\/\/www.solene-maroquinerie.fr\/index.php\/wp-json\/wp\/v2\/product"}],"about":[{"href":"https:\/\/www.solene-maroquinerie.fr\/index.php\/wp-json\/wp\/v2\/types\/product"}],"wp:featuredmedia":[{"embeddable":true,"href":"https:\/\/www.solene-maroquinerie.fr\/index.php\/wp-json\/wp\/v2\/media\/1809"}],"wp:attachment":[{"href":"https:\/\/www.solene-maroquinerie.fr\/index.php\/wp-json\/wp\/v2\/media?parent=104"}],"wp:term":[{"taxonomy":"product_brand","embeddable":true,"href":"https:\/\/www.solene-maroquinerie.fr\/index.php\/wp-json\/wp\/v2\/product_brand?post=104"},{"taxonomy":"product_cat","embeddable":true,"href":"https:\/\/www.solene-maroquinerie.fr\/index.php\/wp-json\/wp\/v2\/product_cat?post=104"},{"taxonomy":"product_tag","embeddable":true,"href":"https:\/\/www.solene-maroquinerie.fr\/index.php\/wp-json\/wp\/v2\/product_tag?post=104"}],"curies":[{"name":"wp","href":"https:\/\/api.w.org\/{rel}","templated":true}]}}