{"id":1283,"date":"2026-04-29T11:20:59","date_gmt":"2026-04-29T11:20:59","guid":{"rendered":"https:\/\/www.solene-maroquinerie.fr\/index.php\/produit\/sac-a-dos-cabaia-mini-berlin-2\/"},"modified":"2026-04-29T11:22:26","modified_gmt":"2026-04-29T11:22:26","slug":"sac-a-dos-cabaia-mini-berlin-2","status":"publish","type":"product","link":"https:\/\/www.solene-maroquinerie.fr\/index.php\/produit\/sac-a-dos-cabaia-mini-berlin-2\/","title":{"rendered":"SAC A DOS CABA\u00cfA MINI BERLIN"},"content":{"rendered":"<p><strong>Descriptif du SAC A DOS CABA\u00cfA MINI BERLIN<\/strong><\/p>\n<ul>\n<li>Couleur : Noir<\/li>\n<li>Couleurs des 2 poches : <span>Noir (Berghain) + Bleu chin\u00e9 \u00e0 pois blancs (Neukolln)<\/span><\/li>\n<li>Poche Ipad molletonn\u00e9e 10,5&Prime; ( Hauteur 28cm x Largeur 21 cm x Epaisseur 2 cm)<\/li>\n<li>Tissu d\u00e9perlant (vos affaires resteront toujours au sec !)<\/li>\n<li>Mousqueton int\u00e9rieur de s\u00e9curit\u00e9<\/li>\n<li>Ouverture Cabas\u00ae : Grand angle<\/li>\n<li>Ouverture anti-vol<\/li>\n<li>Mousqueton int\u00e9rieur de s\u00e9curit\u00e9<\/li>\n<li>Bretelles molletonn\u00e9es et anti-transpirantes<\/li>\n<li>Bande d&rsquo;attache pour valise<\/li>\n<li>Maintien bouteille d&rsquo;eau 50cl : pour \u00e9viter les inondations<\/li>\n<li>Toile : Nylon 900D garantie \u00e0 vie !<\/li>\n<li>Zip YKK : la Rolls du zip, garanti \u00e0 vie aussi<\/li>\n<li>Fond \u00e9tanche : Nettoyable facilement<\/li>\n<li>2 poches interchangeables avec syst\u00e8me MOLLE\u00ae<\/li>\n<li>Vegan<\/li>\n<li>Poids : 0,800kg<\/li>\n<li>Volume : 12 L (parfait pour tous les jours et week end)<\/li>\n<li>Dimensions : 32 cm de haut, 23 cm de large, 13 cm \u00e9paisseur<\/li>\n<\/ul>\n<p>Composition :<\/p>\n<ul>\n<li>Tissu exterieur principal: 100% Polyester recycl\u00e9<\/li>\n<li>Tissu ext\u00e9rieur enduit: Polyurethane\u00a0<\/li>\n<li>Doublure interieure: 100% Polyester<\/li>\n<\/ul>\n<p>Peut contenir : Des livres et un Ipad OU 1 jeans \/ 2 t-shirts \/ 2 cale\u00e7ons \/ 1 ipad<\/p>\n<p>\u00a0<a href=\"https:\/\/youtu.be\/OGfyOMpejPQ\" target=\"_blank\" title=\"Partager le lien\">https:\/\/youtu.be\/OGfyOMpejPQ<\/a><\/p>\n<p><a href=\"https:\/\/youtu.be\/OGfyOMpejPQ\" target=\"_blank\" title=\"Partager le lien\"><\/a><br \/><strong>Informations livraisons<\/strong><\/p>\n<p><strong><\/strong><br \/>Les frais de livraisons sont offerts d\u00e8s 40\u20ac d&rsquo;achats<br \/>Livraison entre 3 et 5 jours<br \/>Mode de paiement s\u00e9curis\u00e9s accept\u00e9s : CARTE BANCAIRE\u00a0 ou\u00a0 PAYPAL<br \/>R\u00e9ception des marchandises : A domicile ou Retrait \u00e0 notre magasin<br \/>Consulter nos<a href=\"http:\/\/www.solene-maroquinerie.fr\/conditions_generales_de_vente.html\" target=\"_self\" title=\"Nos CGV\">\u00a0conditions g\u00e9n\u00e9rales de ventes<\/a><\/p>\n<p>\u00a0<\/p>\n","protected":false},"excerpt":{"rendered":"<p>Descriptif du SAC A DOS CABA\u00cfA MINI BERLIN Couleur : Noir Couleurs des 2 poches : Noir (Berghain) + Bleu chin\u00e9 \u00e0 pois blancs (Neukolln) Poche Ipad molletonn\u00e9e 10,5&Prime; ( Hauteur 28cm x Largeur 21 cm x Epaisseur 2 cm) Tissu d\u00e9perlant (vos affaires resteront toujours au sec !) Mousqueton int\u00e9rieur de s\u00e9curit\u00e9 Ouverture Cabas\u00ae [&hellip;]<\/p>\n","protected":false},"featured_media":1276,"template":"","meta":[],"product_brand":[42],"product_cat":[19,44],"product_tag":[],"class_list":{"0":"post-1283","1":"product","2":"type-product","3":"status-publish","4":"has-post-thumbnail","6":"product_brand-cabaia","7":"product_cat-sac-a-dos","8":"product_cat-sac-a-dos-cabaia-small","10":"first","11":"instock","12":"taxable","13":"shipping-taxable","14":"purchasable","15":"product-type-simple"},"_links":{"self":[{"href":"https:\/\/www.solene-maroquinerie.fr\/index.php\/wp-json\/wp\/v2\/product\/1283","targetHints":{"allow":["GET"]}}],"collection":[{"href":"https:\/\/www.solene-maroquinerie.fr\/index.php\/wp-json\/wp\/v2\/product"}],"about":[{"href":"https:\/\/www.solene-maroquinerie.fr\/index.php\/wp-json\/wp\/v2\/types\/product"}],"wp:featuredmedia":[{"embeddable":true,"href":"https:\/\/www.solene-maroquinerie.fr\/index.php\/wp-json\/wp\/v2\/media\/1276"}],"wp:attachment":[{"href":"https:\/\/www.solene-maroquinerie.fr\/index.php\/wp-json\/wp\/v2\/media?parent=1283"}],"wp:term":[{"taxonomy":"product_brand","embeddable":true,"href":"https:\/\/www.solene-maroquinerie.fr\/index.php\/wp-json\/wp\/v2\/product_brand?post=1283"},{"taxonomy":"product_cat","embeddable":true,"href":"https:\/\/www.solene-maroquinerie.fr\/index.php\/wp-json\/wp\/v2\/product_cat?post=1283"},{"taxonomy":"product_tag","embeddable":true,"href":"https:\/\/www.solene-maroquinerie.fr\/index.php\/wp-json\/wp\/v2\/product_tag?post=1283"}],"curies":[{"name":"wp","href":"https:\/\/api.w.org\/{rel}","templated":true}]}}