{"id":1482,"date":"2026-04-29T11:22:28","date_gmt":"2026-04-29T11:22:28","guid":{"rendered":"https:\/\/www.solene-maroquinerie.fr\/index.php\/produit\/sacoche-lacoste-mens-classic-ma\/"},"modified":"2026-05-13T14:49:16","modified_gmt":"2026-05-13T14:49:16","slug":"sacoche-lacoste-mens-classic-ma","status":"publish","type":"product","link":"https:\/\/www.solene-maroquinerie.fr\/index.php\/produit\/sacoche-lacoste-mens-classic-ma\/","title":{"rendered":"SACOCHE LACOSTE MEN&rsquo;S CLASSIC MA"},"content":{"rendered":"<p><strong>Caract\u00e9ristiques du\u00a0SACOCHE LACOSTE MEN&rsquo;S CLASSIC MARINE<\/strong><\/p>\n<div>\n<div>Emboss\u00e9e en Petit Piqu\u00e9, mati\u00e8re iconique du polo Lacoste invent\u00e9 en 1933, cette sacoche l\u00e9g\u00e8re avec bandouli\u00e8re ajustable offre un style sobre et \u00e9l\u00e9gant. Id\u00e9al pour transporter ses essentiels, son compartiment principal avec fermeture zipp\u00e9e inclut une plus petite poche, zipp\u00e9e \u00e9galement.<\/div>\n<ul>\n<li><span>Dimensions : L 15 x H 20,5 x P 4 cm<\/span><\/li>\n<li><span>Longueur bandouli\u00e8re : 143 cm<\/span><\/li>\n<li><span>Une pochette int\u00e9rieure zipp\u00e9e<\/span><\/li>\n<li><span>Crocodile signature sur le bas<\/span><\/li>\n<li><span>Exterieur: Polyurethane (100%)<\/span><\/li>\n<\/ul><\/div>\n<p><strong>Informations livraisons<\/strong><\/p>\n<div>Les frais de livraisons sont offerts d\u00e8s 40\u20ac d&rsquo;achats<br \/>Livraison entre 3 et 5 jours<\/div>\n<div>Mode de paiement s\u00e9curis\u00e9s accept\u00e9s : CARTE BANCAIRE\u00a0 ou\u00a0 PAYPAL<br \/>R\u00e9ception des marchandises : A domicile ou Retrait \u00e0 notre magasin<br \/>Consulter nos<a href=\"http:\/\/www.solene-maroquinerie.fr\/conditions_generales_de_vente.html\" target=\"_self\" title=\"Nos CGV\">\u00a0conditions g\u00e9n\u00e9rales de ventes<\/a><\/div>\n<p>\u00a0<\/p>\n","protected":false},"excerpt":{"rendered":"<p class=\"reference-commerciale\">R\u00e9f\u00e9rence commerciale : NH4422HC 021<\/p>\n","protected":false},"featured_media":2715,"template":"","meta":[],"product_brand":[25],"product_cat":[24,34],"product_tag":[],"class_list":{"0":"post-1482","1":"product","2":"type-product","3":"status-publish","4":"has-post-thumbnail","6":"product_brand-lacoste","7":"product_cat-divers","8":"product_cat-homme","10":"first","11":"instock","12":"taxable","13":"shipping-taxable","14":"purchasable","15":"product-type-simple"},"_links":{"self":[{"href":"https:\/\/www.solene-maroquinerie.fr\/index.php\/wp-json\/wp\/v2\/product\/1482","targetHints":{"allow":["GET"]}}],"collection":[{"href":"https:\/\/www.solene-maroquinerie.fr\/index.php\/wp-json\/wp\/v2\/product"}],"about":[{"href":"https:\/\/www.solene-maroquinerie.fr\/index.php\/wp-json\/wp\/v2\/types\/product"}],"wp:featuredmedia":[{"embeddable":true,"href":"https:\/\/www.solene-maroquinerie.fr\/index.php\/wp-json\/wp\/v2\/media\/2715"}],"wp:attachment":[{"href":"https:\/\/www.solene-maroquinerie.fr\/index.php\/wp-json\/wp\/v2\/media?parent=1482"}],"wp:term":[{"taxonomy":"product_brand","embeddable":true,"href":"https:\/\/www.solene-maroquinerie.fr\/index.php\/wp-json\/wp\/v2\/product_brand?post=1482"},{"taxonomy":"product_cat","embeddable":true,"href":"https:\/\/www.solene-maroquinerie.fr\/index.php\/wp-json\/wp\/v2\/product_cat?post=1482"},{"taxonomy":"product_tag","embeddable":true,"href":"https:\/\/www.solene-maroquinerie.fr\/index.php\/wp-json\/wp\/v2\/product_tag?post=1482"}],"curies":[{"name":"wp","href":"https:\/\/api.w.org\/{rel}","templated":true}]}}