{"id":1701,"date":"2026-04-29T11:23:42","date_gmt":"2026-04-29T11:23:42","guid":{"rendered":"https:\/\/www.solene-maroquinerie.fr\/index.php\/produit\/valise-cabaia-4-roues-s-reykjavi\/"},"modified":"2026-05-13T11:56:20","modified_gmt":"2026-05-13T11:56:20","slug":"valise-cabaia-4-roues-s-reykjavi","status":"publish","type":"product","link":"https:\/\/www.solene-maroquinerie.fr\/index.php\/produit\/valise-cabaia-4-roues-s-reykjavi\/","title":{"rendered":"VALISE CABAIA 4 ROUES S REYKJAVI"},"content":{"rendered":"<p><strong>Descriptif du VALISE SOUPLE CABAIA SOFT SUITCASE 4 WHEELS SMALL REYKJAVIK<\/strong><\/p>\n<ul>\n<li>Garantie \u00e0 vie<\/li>\n<li>Serrure TSA int\u00e9gr\u00e9e pour une s\u00e9curit\u00e9 renforc\u00e9e<\/li>\n<li>Acc\u00e8s direct par le haut : acc\u00e8s rapide \u00e0 vos affaires<\/li>\n<li>Grande poche avant<\/li>\n<li>Poche secr\u00e8te au dos<\/li>\n<li>Poche gourde ext\u00e9rieure<\/li>\n<li>1 poign\u00e9e haute et 2 poign\u00e9es lat\u00e9rales<\/li>\n<li>Syst\u00e8me MOLLE pour attacher la pochette avant<\/li>\n<li>Vegan et d\u00e9perlante<\/li>\n<li>4 roues multidirectionnelles :\u00a0Stabilit\u00e9 et maniabilit\u00e9<\/li>\n<\/ul>\n<p><strong>Dimensions (38L)<\/strong> :\u00a021 cm x 35 cm x 55 cm<\/p>\n<p><span><strong>Poids<\/strong> :\u00a0<\/span><span>2,4 kg<\/span><\/p>\n<p><strong>Composition<\/strong>\u00a0:\u00a0<br \/><span>Mati\u00e8re ext\u00e9rieure : 100% Polyester recycl\u00e9<\/span><br \/><span>Tissu ext\u00e9rieur enduit : 80% Polyester, 20% Polyurethane<\/span><br \/><span>Doublure int\u00e9rieure : 100% polyester recycl\u00e9<br \/><\/span><\/p>\n<h4>Informations livraisons<\/h4>\n<div>Les frais de livraisons sont offerts d\u00e8s 40\u20ac d&rsquo;achats<br \/>Livraison entre 3 et 5 jours<\/div>\n<div>Mode de paiement s\u00e9curis\u00e9s accept\u00e9s : CARTE BANCAIRE\u00a0 ou\u00a0 PAYPAL<br \/>R\u00e9ception des marchandises : A domicile ou Retrait \u00e0 notre magasin<br \/>Consulter nos<a href=\"http:\/\/www.solene-maroquinerie.fr\/conditions_generales_de_vente.html\" target=\"_self\" title=\"Nos CGV\">\u00a0conditions g\u00e9n\u00e9rales de ventes<\/a><\/div>\n","protected":false},"excerpt":{"rendered":"<p>Descriptif du VALISE SOUPLE CABAIA SOFT SUITCASE 4 WHEELS SMALL REYKJAVIK Garantie \u00e0 vie Serrure TSA int\u00e9gr\u00e9e pour une s\u00e9curit\u00e9 renforc\u00e9e Acc\u00e8s direct par le haut : acc\u00e8s rapide \u00e0 vos affaires Grande poche avant Poche secr\u00e8te au dos Poche gourde ext\u00e9rieure 1 poign\u00e9e haute et 2 poign\u00e9es lat\u00e9rales Syst\u00e8me MOLLE pour attacher la pochette [&hellip;]<\/p>\n","protected":false},"featured_media":0,"comment_status":"open","ping_status":"closed","template":"","meta":[],"product_brand":[42],"product_cat":[60,101],"product_tag":[],"class_list":{"0":"post-1701","1":"product","2":"type-product","3":"status-publish","5":"product_brand-cabaia","6":"product_cat-bagages","7":"product_cat-valise-souple-4-roues","9":"first","10":"instock","11":"taxable","12":"shipping-taxable","13":"purchasable","14":"product-type-simple"},"_links":{"self":[{"href":"https:\/\/www.solene-maroquinerie.fr\/index.php\/wp-json\/wp\/v2\/product\/1701","targetHints":{"allow":["GET"]}}],"collection":[{"href":"https:\/\/www.solene-maroquinerie.fr\/index.php\/wp-json\/wp\/v2\/product"}],"about":[{"href":"https:\/\/www.solene-maroquinerie.fr\/index.php\/wp-json\/wp\/v2\/types\/product"}],"replies":[{"embeddable":true,"href":"https:\/\/www.solene-maroquinerie.fr\/index.php\/wp-json\/wp\/v2\/comments?post=1701"}],"wp:attachment":[{"href":"https:\/\/www.solene-maroquinerie.fr\/index.php\/wp-json\/wp\/v2\/media?parent=1701"}],"wp:term":[{"taxonomy":"product_brand","embeddable":true,"href":"https:\/\/www.solene-maroquinerie.fr\/index.php\/wp-json\/wp\/v2\/product_brand?post=1701"},{"taxonomy":"product_cat","embeddable":true,"href":"https:\/\/www.solene-maroquinerie.fr\/index.php\/wp-json\/wp\/v2\/product_cat?post=1701"},{"taxonomy":"product_tag","embeddable":true,"href":"https:\/\/www.solene-maroquinerie.fr\/index.php\/wp-json\/wp\/v2\/product_tag?post=1701"}],"curies":[{"name":"wp","href":"https:\/\/api.w.org\/{rel}","templated":true}]}}