{"id":318,"date":"2026-04-29T07:50:23","date_gmt":"2026-04-29T07:50:23","guid":{"rendered":"https:\/\/www.solene-maroquinerie.fr\/index.php\/produit\/sac-a-main-armani-exchange-noir\/"},"modified":"2026-05-13T11:53:22","modified_gmt":"2026-05-13T11:53:22","slug":"sac-a-main-armani-exchange-noir","status":"publish","type":"product","link":"https:\/\/www.solene-maroquinerie.fr\/index.php\/produit\/sac-a-main-armani-exchange-noir\/","title":{"rendered":"SAC A MAIN ARMANI EXCHANGE NOIR"},"content":{"rendered":"<p><strong>Caract\u00e9ristiques du SAC A MAIN ARMANI EXCHANGE NOIR<\/strong><\/p>\n<ul>\n<li><span>Uni<\/span><\/li>\n<li><span>Logo<\/span><\/li>\n<li><span>Bandouli\u00e8re amovible<\/span><\/li>\n<li><span>Double poign\u00e9e<\/span><\/li>\n<li><span>Int\u00e9rieur enti\u00e8rement doubl\u00e9<\/span><\/li>\n<li><span>Poche interne avec fermeture \u00e9clair<\/span><\/li>\n<li><span>Dessous rigide<\/span><\/li>\n<\/ul>\n<p>Dimensions<\/p>\n<ul>\n<li><span><span><span>32 x 39 x 15 cm<\/span><\/span><\/span><\/li>\n<\/ul>\n<p>Composition :\u00a0<\/p>\n<ul>\n<li>\n<p><span><span>100% polyester<\/span><\/span><\/p>\n<\/li>\n<\/ul>\n<p><strong>Informations livraisons<\/strong><\/p>\n<div>Les frais de livraisons sont offerts d\u00e8s 40\u20ac d&rsquo;achats<br \/>Livraison entre 3 et 5 jours<\/div>\n<div>Mode de paiement s\u00e9curis\u00e9s accept\u00e9s : CARTE BANCAIRE\u00a0 ou\u00a0 PAYPAL<br \/>R\u00e9ception des marchandises : A domicile ou Retrait \u00e0 notre magasin<br \/>Consulter nos<a href=\"https:\/\/www.solene-maroquinerie.fr\/conditions_generales_de_vente.html\" target=\"_self\" title=\"Nos CGV\">\u00a0conditions g\u00e9n\u00e9rales de ventes<\/a><\/div>\n","protected":false},"excerpt":{"rendered":"<p>Caract\u00e9ristiques du SAC A MAIN ARMANI EXCHANGE NOIR Uni Logo Bandouli\u00e8re amovible Double poign\u00e9e Int\u00e9rieur enti\u00e8rement doubl\u00e9 Poche interne avec fermeture \u00e9clair Dessous rigide Dimensions 32 x 39 x 15 cm Composition :\u00a0 100% polyester Informations livraisons Les frais de livraisons sont offerts d\u00e8s 40\u20ac d&rsquo;achatsLivraison entre 3 et 5 jours Mode de paiement s\u00e9curis\u00e9s [&hellip;]<\/p>\n","protected":false},"featured_media":317,"template":"","meta":[],"product_brand":[71],"product_cat":[28,70],"product_tag":[],"class_list":{"0":"post-318","1":"product","2":"type-product","3":"status-publish","4":"has-post-thumbnail","6":"product_brand-armani-exchange","7":"product_cat-sac-a-main-2","8":"product_cat-sac-femme","10":"first","11":"instock","12":"taxable","13":"shipping-taxable","14":"purchasable","15":"product-type-simple"},"_links":{"self":[{"href":"https:\/\/www.solene-maroquinerie.fr\/index.php\/wp-json\/wp\/v2\/product\/318","targetHints":{"allow":["GET"]}}],"collection":[{"href":"https:\/\/www.solene-maroquinerie.fr\/index.php\/wp-json\/wp\/v2\/product"}],"about":[{"href":"https:\/\/www.solene-maroquinerie.fr\/index.php\/wp-json\/wp\/v2\/types\/product"}],"wp:featuredmedia":[{"embeddable":true,"href":"https:\/\/www.solene-maroquinerie.fr\/index.php\/wp-json\/wp\/v2\/media\/317"}],"wp:attachment":[{"href":"https:\/\/www.solene-maroquinerie.fr\/index.php\/wp-json\/wp\/v2\/media?parent=318"}],"wp:term":[{"taxonomy":"product_brand","embeddable":true,"href":"https:\/\/www.solene-maroquinerie.fr\/index.php\/wp-json\/wp\/v2\/product_brand?post=318"},{"taxonomy":"product_cat","embeddable":true,"href":"https:\/\/www.solene-maroquinerie.fr\/index.php\/wp-json\/wp\/v2\/product_cat?post=318"},{"taxonomy":"product_tag","embeddable":true,"href":"https:\/\/www.solene-maroquinerie.fr\/index.php\/wp-json\/wp\/v2\/product_tag?post=318"}],"curies":[{"name":"wp","href":"https:\/\/api.w.org\/{rel}","templated":true}]}}