{"id":3392,"date":"2026-05-11T11:56:58","date_gmt":"2026-05-11T11:56:58","guid":{"rendered":"https:\/\/www.solene-maroquinerie.fr\/?post_type=product&#038;p=3392"},"modified":"2026-05-13T14:49:55","modified_gmt":"2026-05-13T14:49:55","slug":"lunchbag-cabaia-santorini","status":"publish","type":"product","link":"https:\/\/www.solene-maroquinerie.fr\/index.php\/produit\/lunchbag-cabaia-santorini\/","title":{"rendered":"LUNCHBAG CABAIA SANTORINI"},"content":{"rendered":"<div data-accordion-content=\"open\">\n<p><strong>Descriptif du SAC ISOTHERME CABAIA SANTORINI<\/strong><\/p>\n<div data-accordion-content=\"open\">\n<ul>\n<li>Garanti \u00e0. vie<\/li>\n<li>Ouverture grand angle<\/li>\n<li>Syst\u00e8me de fermeture \u00e9clair<\/li>\n<li>Deux poign\u00e9.es pour plus de confort<\/li>\n<li>Couches isolantes et \u00e9tanches<\/li>\n<li>Garde votre repas au frais ou au chaud<\/li>\n<li>Syt\u00e8me MOLLE pour pochette avant personnalisable<\/li>\n<li>D\u00e9perlant<\/li>\n<li>Peut \u00eatre port\u00e9 en bandouli\u00e8.re (vendue s\u00e9par\u00e9ment)<\/li>\n<\/ul>\n<p><em>Le sac isotherme est compatible avec les bandouli\u00e8res de nos sacs bandouli\u00e8res (vendues s\u00e9par\u00e9ment).<\/em><\/p>\n<p><em>Caract\u00e9ristique : Isotherme jusqu&rsquo;\u00e0 3 heures<br \/>\n<\/em><\/p>\n<div data-accordion-content=\"open\"><strong>Dimensions<\/strong> (7,2L) : 25cm x 12cm x 24cm<\/div>\n<\/div>\n<div>\n<p><strong>ENTRETIEN ET COMPOSITION<\/strong><\/p>\n<\/div>\n<div data-accordion-content=\"open\">\n<p>Ne pas passer \u00e0 la machine, nettoyer d\u00e9licatement avec un linge humide et du savon.<\/p>\n<p><strong>Composition :<\/strong><br \/>\nTissu ext\u00e9rieur principal: 100% Polyester recycl\u00e9.<br \/>\nDoublure int\u00e9rieure: 50% aluminium, 50% EVA<\/p>\n<p><strong>Informations livraisons<\/strong><br \/>\nLes frais de livraisons sont offerts d\u00e8s 40\u20ac euros d&rsquo;achats<br \/>\nLivraison entre 3 et 5 jours<br \/>\nMode de paiement s\u00e9curis\u00e9s accept\u00e9s : CARTE BANCAIRE ou PAYPAL<br \/>\nR\u00e9ception des marchandises : A domicile ou Retrait \u00e0 notre magasin<\/p>\n<\/div>\n<\/div>\n","protected":false},"excerpt":{"rendered":"<p>Descriptif du SAC ISOTHERME CABAIA SANTORINI Garanti \u00e0. vie Ouverture grand angle Syst\u00e8me de fermeture \u00e9clair Deux poign\u00e9.es pour plus de confort Couches isolantes et \u00e9tanches Garde votre repas au frais ou au chaud Syt\u00e8me MOLLE pour pochette avant personnalisable D\u00e9perlant Peut \u00eatre port\u00e9 en bandouli\u00e8.re (vendue s\u00e9par\u00e9ment) Le sac isotherme est compatible avec les [&hellip;]<\/p>\n","protected":false},"featured_media":3448,"template":"","meta":[],"product_brand":[42],"product_cat":[24,88],"product_tag":[],"class_list":{"0":"post-3392","1":"product","2":"type-product","3":"status-publish","4":"has-post-thumbnail","6":"product_brand-cabaia","7":"product_cat-divers","8":"product_cat-lunchbag-cabaia","10":"first","11":"instock","12":"taxable","13":"shipping-taxable","14":"purchasable","15":"product-type-simple"},"_links":{"self":[{"href":"https:\/\/www.solene-maroquinerie.fr\/index.php\/wp-json\/wp\/v2\/product\/3392","targetHints":{"allow":["GET"]}}],"collection":[{"href":"https:\/\/www.solene-maroquinerie.fr\/index.php\/wp-json\/wp\/v2\/product"}],"about":[{"href":"https:\/\/www.solene-maroquinerie.fr\/index.php\/wp-json\/wp\/v2\/types\/product"}],"wp:featuredmedia":[{"embeddable":true,"href":"https:\/\/www.solene-maroquinerie.fr\/index.php\/wp-json\/wp\/v2\/media\/3448"}],"wp:attachment":[{"href":"https:\/\/www.solene-maroquinerie.fr\/index.php\/wp-json\/wp\/v2\/media?parent=3392"}],"wp:term":[{"taxonomy":"product_brand","embeddable":true,"href":"https:\/\/www.solene-maroquinerie.fr\/index.php\/wp-json\/wp\/v2\/product_brand?post=3392"},{"taxonomy":"product_cat","embeddable":true,"href":"https:\/\/www.solene-maroquinerie.fr\/index.php\/wp-json\/wp\/v2\/product_cat?post=3392"},{"taxonomy":"product_tag","embeddable":true,"href":"https:\/\/www.solene-maroquinerie.fr\/index.php\/wp-json\/wp\/v2\/product_tag?post=3392"}],"curies":[{"name":"wp","href":"https:\/\/api.w.org\/{rel}","templated":true}]}}