{"id":642,"date":"2026-04-29T09:55:51","date_gmt":"2026-04-29T09:55:51","guid":{"rendered":"https:\/\/www.solene-maroquinerie.fr\/index.php\/produit\/sac-a-main-le-tanneur-juliette\/"},"modified":"2026-05-13T11:53:51","modified_gmt":"2026-05-13T11:53:51","slug":"sac-a-main-le-tanneur-juliette","status":"publish","type":"product","link":"https:\/\/www.solene-maroquinerie.fr\/index.php\/produit\/sac-a-main-le-tanneur-juliette\/","title":{"rendered":"SAC \u00c0 MAIN LE TANNEUR JULIETTE"},"content":{"rendered":"<p><strong>Caract\u00e9ristiques du PETIT SAC \u00c0 MAIN LE TANNEUR JULIETTE EN CUIR GRAIN\u00c9 NOIR<\/strong><\/p>\n<ul>\n<li>\n<p>Ce petit sac \u00e0 main souple, en cuir lisse et aux lignes sans d\u00e9coupe, arbore un charms T finition dor\u00e9 clair signature de la Maison Le Tanneur.<\/p>\n<\/li>\n<li>\n<p>Il se porte \u00e0 la main, \u00e0 l&rsquo;\u00e9paule ou crois\u00e9 avec sa bandouli\u00e8re amovible.<\/p>\n<\/li>\n<li>\n<p>Bandouli\u00e8re amovible et ajustable.<\/p>\n<\/li>\n<li>\n<p>1 poche zipp\u00e9e. 1 poche plate avant et arri\u00e8re.<\/p>\n<\/li>\n<li>\n<p><span>Accessoire m\u00e9tallique finition dor\u00e9 clair.<\/span><\/p>\n<\/li>\n<\/ul>\n<p>Dimensions :<\/p>\n<ul>\n<li>L 24 x H 18 x P 12 cm<\/li>\n<\/ul>\n<p>Composition :\u00a0<\/p>\n<ul>\n<li>\n<p>Cuir de vachette pleine fleur grain\u00e9. Doublure textile.<\/p>\n<\/li>\n<li>\n<p>Le cuir grain\u00e9 pleine fleur allie \u00e9l\u00e9gance et sp\u00e9cificit\u00e9 gr\u00e2ce \u00e0 son grain apparent. Le cuir pleine fleur est un cuir dont la surface est rest\u00e9e intacte et naturelle. C\u2019est la partie la plus noble du cuir. Une sensation agr\u00e9able au toucher le rend tr\u00e8s singulier.<\/p>\n<\/li>\n<\/ul>\n<p><strong>Informations livraisons<\/strong><\/p>\n<div>Les frais de livraisons sont offerts d\u00e8s 40\u20ac d&rsquo;achats<br \/>Livraison entre 3 et 5 jours<\/div>\n<div>Mode de paiement s\u00e9curis\u00e9s accept\u00e9s : CARTE BANCAIRE\u00a0 ou\u00a0 PAYPAL<br \/>R\u00e9ception des marchandises : A domicile ou Retrait \u00e0 notre magasin<br \/>Consulter nos<a href=\"https:\/\/www.solene-maroquinerie.fr\/conditions_generales_de_vente.html\" target=\"_self\" title=\"Nos CGV\">\u00a0conditions g\u00e9n\u00e9rales de ventes<\/a><\/div>\n","protected":false},"excerpt":{"rendered":"<p>Caract\u00e9ristiques du PETIT SAC \u00c0 MAIN LE TANNEUR JULIETTE EN CUIR GRAIN\u00c9 NOIR Ce petit sac \u00e0 main souple, en cuir lisse et aux lignes sans d\u00e9coupe, arbore un charms T finition dor\u00e9 clair signature de la Maison Le Tanneur. Il se porte \u00e0 la main, \u00e0 l&rsquo;\u00e9paule ou crois\u00e9 avec sa bandouli\u00e8re amovible. Bandouli\u00e8re [&hellip;]<\/p>\n","protected":false},"featured_media":641,"template":"","meta":[],"product_brand":[48],"product_cat":[24,47],"product_tag":[],"class_list":{"0":"post-642","1":"product","2":"type-product","3":"status-publish","4":"has-post-thumbnail","6":"product_brand-le-tanneur","7":"product_cat-divers","8":"product_cat-femme-le-tanneur","10":"first","11":"instock","12":"taxable","13":"shipping-taxable","14":"purchasable","15":"product-type-simple"},"_links":{"self":[{"href":"https:\/\/www.solene-maroquinerie.fr\/index.php\/wp-json\/wp\/v2\/product\/642","targetHints":{"allow":["GET"]}}],"collection":[{"href":"https:\/\/www.solene-maroquinerie.fr\/index.php\/wp-json\/wp\/v2\/product"}],"about":[{"href":"https:\/\/www.solene-maroquinerie.fr\/index.php\/wp-json\/wp\/v2\/types\/product"}],"wp:featuredmedia":[{"embeddable":true,"href":"https:\/\/www.solene-maroquinerie.fr\/index.php\/wp-json\/wp\/v2\/media\/641"}],"wp:attachment":[{"href":"https:\/\/www.solene-maroquinerie.fr\/index.php\/wp-json\/wp\/v2\/media?parent=642"}],"wp:term":[{"taxonomy":"product_brand","embeddable":true,"href":"https:\/\/www.solene-maroquinerie.fr\/index.php\/wp-json\/wp\/v2\/product_brand?post=642"},{"taxonomy":"product_cat","embeddable":true,"href":"https:\/\/www.solene-maroquinerie.fr\/index.php\/wp-json\/wp\/v2\/product_cat?post=642"},{"taxonomy":"product_tag","embeddable":true,"href":"https:\/\/www.solene-maroquinerie.fr\/index.php\/wp-json\/wp\/v2\/product_tag?post=642"}],"curies":[{"name":"wp","href":"https:\/\/api.w.org\/{rel}","templated":true}]}}