{"id":664,"date":"2026-04-29T09:57:50","date_gmt":"2026-04-29T09:57:50","guid":{"rendered":"https:\/\/www.solene-maroquinerie.fr\/index.php\/produit\/sandales-plates-desigual\/"},"modified":"2026-05-13T14:48:32","modified_gmt":"2026-05-13T14:48:32","slug":"sandales-plates-desigual","status":"publish","type":"product","link":"https:\/\/www.solene-maroquinerie.fr\/index.php\/produit\/sandales-plates-desigual\/","title":{"rendered":"SANDALES PLATES DESIGUAL"},"content":{"rendered":"<p><strong>Caract\u00e9ristiques des\u00a0SANDALES PLATES BOUCLE LANIERES DESIGUAL<\/strong><\/p>\n<div style=\"display: inline !important.\">\n<ul>\n<li>Semelle de corde avec bordure en zig-zag assortie<\/li>\n<li>Boucle de fermeture<\/li>\n<li>Les brides avant unies en simili cuir se marient \u00e0 d&rsquo;autres tress\u00e9es et multicolores<\/li>\n<\/ul>\n<div style=\"display: inline !important.\"><strong>Mati\u00e8re de la semelle<\/strong><\/div>\n<ul>\n<li>\n<div style=\"display: inline !important.\">\n<div style=\"display: inline !important.\">100% THERMOPLASTIC RUBBER<\/div>\n<\/p><\/div>\n<\/li>\n<\/ul>\n<p> <strong>Informations livraisons<\/strong><\/div>\n<p>Les frais de livraisons sont offerts d\u00e8s 40\u20ac d&rsquo;achats<\/p>\n<p>Mode de paiement s\u00e9curis\u00e9s accept\u00e9s : CARTE BANCAIRE\u00a0 ou\u00a0 PAYPAL<\/p>\n<div>R\u00e9ception des marchandises : A domicile ou Retrait \u00e0 notre magasin<\/div>\n<div>Livraison entre 3 et 5 jours<\/div>\n<div>Retrait au magasin sous 24h (rdv)<\/div>\n<div>Consulter nos<a href=\"https:\/\/www.solene-maroquinerie.fr\/conditions_generales_de_vente.html\" target=\"_self\" title=\"Nos CGV\">\u00a0conditions g\u00e9n\u00e9rales de ventes<\/a><\/div>\n","protected":false},"excerpt":{"rendered":"<p class=\"reference-commerciale\">R\u00e9f\u00e9rence commerciale : 21SSHP03 9019<\/p>\n","protected":false},"featured_media":663,"template":"","meta":[],"product_brand":[57],"product_cat":[56,24],"product_tag":[],"class_list":{"0":"post-664","1":"product","2":"type-product","3":"status-publish","4":"has-post-thumbnail","6":"product_brand-desigual","7":"product_cat-chaussures","8":"product_cat-divers","10":"first","11":"instock","12":"taxable","13":"shipping-taxable","14":"purchasable","15":"product-type-simple"},"_links":{"self":[{"href":"https:\/\/www.solene-maroquinerie.fr\/index.php\/wp-json\/wp\/v2\/product\/664","targetHints":{"allow":["GET"]}}],"collection":[{"href":"https:\/\/www.solene-maroquinerie.fr\/index.php\/wp-json\/wp\/v2\/product"}],"about":[{"href":"https:\/\/www.solene-maroquinerie.fr\/index.php\/wp-json\/wp\/v2\/types\/product"}],"wp:featuredmedia":[{"embeddable":true,"href":"https:\/\/www.solene-maroquinerie.fr\/index.php\/wp-json\/wp\/v2\/media\/663"}],"wp:attachment":[{"href":"https:\/\/www.solene-maroquinerie.fr\/index.php\/wp-json\/wp\/v2\/media?parent=664"}],"wp:term":[{"taxonomy":"product_brand","embeddable":true,"href":"https:\/\/www.solene-maroquinerie.fr\/index.php\/wp-json\/wp\/v2\/product_brand?post=664"},{"taxonomy":"product_cat","embeddable":true,"href":"https:\/\/www.solene-maroquinerie.fr\/index.php\/wp-json\/wp\/v2\/product_cat?post=664"},{"taxonomy":"product_tag","embeddable":true,"href":"https:\/\/www.solene-maroquinerie.fr\/index.php\/wp-json\/wp\/v2\/product_tag?post=664"}],"curies":[{"name":"wp","href":"https:\/\/api.w.org\/{rel}","templated":true}]}}