{"id":798,"date":"2026-04-29T10:10:12","date_gmt":"2026-04-29T10:10:12","guid":{"rendered":"https:\/\/www.solene-maroquinerie.fr\/index.php\/produit\/sac-a-main-lancaster-foulonne-do\/"},"modified":"2026-05-13T11:54:02","modified_gmt":"2026-05-13T11:54:02","slug":"sac-a-main-lancaster-foulonne-do","status":"publish","type":"product","link":"https:\/\/www.solene-maroquinerie.fr\/index.php\/produit\/sac-a-main-lancaster-foulonne-do\/","title":{"rendered":"SAC A MAIN LANCASTER FOULONN\u00c9 DO"},"content":{"rendered":"<p><strong>Caract\u00e9ristiques du SAC A MAIN LANCASTER FOULONN\u00c9 DOUBLE NOIR IN NUDE<\/strong><\/p>\n<p><span>Ce sac \u00e0 main est confectionn\u00e9 de cuir de vachette grain\u00e9. Il comporte une grande poche int\u00e9rieure. Il se porte \u00e0 la main, \u00e0 l&rsquo;\u00e9paule ou crois\u00e9.<\/span><\/p>\n<ul>\n<li><span>Port\u00e9 main, port\u00e9 \u00e9paule<\/span><\/li>\n<li><span>Fermeture zipp\u00e9e<\/span><\/li>\n<li>Bandouli\u00e8re amovible r\u00e9glable<\/li>\n<\/ul>\n<p>Finition :<\/p>\n<ul>\n<li>M\u00e9tal dor\u00e9 brillant<\/li>\n<\/ul>\n<p>Dimensions :<\/p>\n<ul>\n<li>28 x 21 x 10 cm<\/li>\n<\/ul>\n<p>Composition :<\/p>\n<ul>\n<li>\n<p>Cuir de vachette pleine fleur finition grain\u00e9e<\/p>\n<p> <span><\/span><\/li>\n<li>\n<p>Doublure Vachette<\/p>\n<\/li>\n<\/ul>\n<p><strong>Informations livraisons<\/strong><\/p>\n<p>Les frais de livraisons sont offerts d\u00e8s 40\u20ac d&rsquo;achats<\/p>\n<p>Mode de paiement s\u00e9curis\u00e9s accept\u00e9s : CARTE BANCAIRE\u00a0 ou\u00a0 PAYPAL<\/p>\n<div>R\u00e9ception des marchandises : A domicile ou Retrait \u00e0 notre magasin<\/div>\n<div>Livraison entre 3 et 5 jours<\/div>\n<div>Retrait au magasin sous 24h (rdv)<\/div>\n<div>Consulter nos<a href=\"https:\/\/www.solene-maroquinerie.fr\/conditions_generales_de_vente.html\" target=\"_self\" title=\"Nos CGV\">\u00a0conditions g\u00e9n\u00e9rales de ventes<br \/><\/a><\/div>\n","protected":false},"excerpt":{"rendered":"<p>Caract\u00e9ristiques du SAC A MAIN LANCASTER FOULONN\u00c9 DOUBLE NOIR IN NUDE Ce sac \u00e0 main est confectionn\u00e9 de cuir de vachette grain\u00e9. Il comporte une grande poche int\u00e9rieure. Il se porte \u00e0 la main, \u00e0 l&rsquo;\u00e9paule ou crois\u00e9. Port\u00e9 main, port\u00e9 \u00e9paule Fermeture zipp\u00e9e Bandouli\u00e8re amovible r\u00e9glable Finition : M\u00e9tal dor\u00e9 brillant Dimensions : 28 [&hellip;]<\/p>\n","protected":false},"featured_media":797,"template":"","meta":[],"product_brand":[29],"product_cat":[27,28],"product_tag":[],"class_list":{"0":"post-798","1":"product","2":"type-product","3":"status-publish","4":"has-post-thumbnail","6":"product_brand-lancaster","7":"product_cat-sac-a-main","8":"product_cat-sac-a-main-2","10":"first","11":"instock","12":"taxable","13":"shipping-taxable","14":"purchasable","15":"product-type-simple"},"_links":{"self":[{"href":"https:\/\/www.solene-maroquinerie.fr\/index.php\/wp-json\/wp\/v2\/product\/798","targetHints":{"allow":["GET"]}}],"collection":[{"href":"https:\/\/www.solene-maroquinerie.fr\/index.php\/wp-json\/wp\/v2\/product"}],"about":[{"href":"https:\/\/www.solene-maroquinerie.fr\/index.php\/wp-json\/wp\/v2\/types\/product"}],"wp:featuredmedia":[{"embeddable":true,"href":"https:\/\/www.solene-maroquinerie.fr\/index.php\/wp-json\/wp\/v2\/media\/797"}],"wp:attachment":[{"href":"https:\/\/www.solene-maroquinerie.fr\/index.php\/wp-json\/wp\/v2\/media?parent=798"}],"wp:term":[{"taxonomy":"product_brand","embeddable":true,"href":"https:\/\/www.solene-maroquinerie.fr\/index.php\/wp-json\/wp\/v2\/product_brand?post=798"},{"taxonomy":"product_cat","embeddable":true,"href":"https:\/\/www.solene-maroquinerie.fr\/index.php\/wp-json\/wp\/v2\/product_cat?post=798"},{"taxonomy":"product_tag","embeddable":true,"href":"https:\/\/www.solene-maroquinerie.fr\/index.php\/wp-json\/wp\/v2\/product_tag?post=798"}],"curies":[{"name":"wp","href":"https:\/\/api.w.org\/{rel}","templated":true}]}}