{"id":89,"date":"2026-04-29T07:32:01","date_gmt":"2026-04-29T07:32:01","guid":{"rendered":"https:\/\/www.solene-maroquinerie.fr\/index.php\/produit\/sac-cabas-main-constance-noir\/"},"modified":"2026-05-13T11:53:00","modified_gmt":"2026-05-13T11:53:00","slug":"sac-cabas-main-constance-noir","status":"publish","type":"product","link":"https:\/\/www.solene-maroquinerie.fr\/index.php\/produit\/sac-cabas-main-constance-noir\/","title":{"rendered":"SAC CABAS MAIN CONSTANCE NOIR"},"content":{"rendered":"<p><span><strong>Caract\u00e9ristiques du PETIT SAC CABAS MAIN LANCASTER CONSTANCE NOIR<\/strong><\/span><\/p>\n<ul>\n<li><span>Poche arri\u00e8re zipp\u00e9e<\/span><\/li>\n<li><span>Compartiment t\u00e9l\u00e9phone<\/span><\/li>\n<li><span>Poche int\u00e9rieure zipp\u00e9e<\/span><\/li>\n<li><span>Poche int\u00e9rieure simple<\/span><\/li>\n<\/ul>\n<p><span>Composition :<\/span><\/p>\n<ul>\n<li><span>Refente de cuir vachette et doublure synth\u00e9tique<\/span><\/li>\n<\/ul>\n<p><span>Dimensions :<\/span><\/p>\n<ul>\n<li><span>29 x 21 x 13cm<\/span><\/li>\n<\/ul>\n<p><span>Finition :<\/span><\/p>\n<ul>\n<li><span>M\u00e9tal argent\u00e9 brillant<\/span><\/li>\n<\/ul>\n<p><span><strong>Informations livraisons<\/strong><\/span><\/p>\n<div><span>Les frais de livraisons sont offerts d\u00e8s 40\u20ac d&rsquo;achats<\/span><\/div>\n<p><span>Livraison entre 3 et 5 jours<\/span><\/p>\n<p><span>Mode de paiement s\u00e9curis\u00e9s accept\u00e9s : CARTE BANCAIRE\u00a0 ou\u00a0 PAYPAL<\/span><\/p>\n<p><span>R\u00e9ception des marchandises : A domicile ou Retrait \u00e0 notre magasin<\/span><br \/><span>Consulter nos<a href=\"http:\/\/www.solene-maroquinerie.fr\/conditions_generales_de_vente.html\" target=\"_self\" title=\"Nos CGV\"><span>\u00a0conditions g\u00e9n\u00e9rales de ventes<\/span><\/a><\/span><\/p>\n<p>\u00a0<\/p>\n","protected":false},"excerpt":{"rendered":"<p>Caract\u00e9ristiques du PETIT SAC CABAS MAIN LANCASTER CONSTANCE NOIR Poche arri\u00e8re zipp\u00e9e Compartiment t\u00e9l\u00e9phone Poche int\u00e9rieure zipp\u00e9e Poche int\u00e9rieure simple Composition : Refente de cuir vachette et doublure synth\u00e9tique Dimensions : 29 x 21 x 13cm Finition : M\u00e9tal argent\u00e9 brillant Informations livraisons Les frais de livraisons sont offerts d\u00e8s 40\u20ac d&rsquo;achats Livraison entre 3 [&hellip;]<\/p>\n","protected":false},"featured_media":1798,"template":"","meta":[],"product_brand":[29],"product_cat":[27,28],"product_tag":[],"class_list":{"0":"post-89","1":"product","2":"type-product","3":"status-publish","4":"has-post-thumbnail","6":"product_brand-lancaster","7":"product_cat-sac-a-main","8":"product_cat-sac-a-main-2","10":"first","11":"instock","12":"taxable","13":"shipping-taxable","14":"purchasable","15":"product-type-simple"},"_links":{"self":[{"href":"https:\/\/www.solene-maroquinerie.fr\/index.php\/wp-json\/wp\/v2\/product\/89","targetHints":{"allow":["GET"]}}],"collection":[{"href":"https:\/\/www.solene-maroquinerie.fr\/index.php\/wp-json\/wp\/v2\/product"}],"about":[{"href":"https:\/\/www.solene-maroquinerie.fr\/index.php\/wp-json\/wp\/v2\/types\/product"}],"wp:featuredmedia":[{"embeddable":true,"href":"https:\/\/www.solene-maroquinerie.fr\/index.php\/wp-json\/wp\/v2\/media\/1798"}],"wp:attachment":[{"href":"https:\/\/www.solene-maroquinerie.fr\/index.php\/wp-json\/wp\/v2\/media?parent=89"}],"wp:term":[{"taxonomy":"product_brand","embeddable":true,"href":"https:\/\/www.solene-maroquinerie.fr\/index.php\/wp-json\/wp\/v2\/product_brand?post=89"},{"taxonomy":"product_cat","embeddable":true,"href":"https:\/\/www.solene-maroquinerie.fr\/index.php\/wp-json\/wp\/v2\/product_cat?post=89"},{"taxonomy":"product_tag","embeddable":true,"href":"https:\/\/www.solene-maroquinerie.fr\/index.php\/wp-json\/wp\/v2\/product_tag?post=89"}],"curies":[{"name":"wp","href":"https:\/\/api.w.org\/{rel}","templated":true}]}}